{"id":7,"date":"2018-11-12T01:54:53","date_gmt":"2018-11-12T00:54:53","guid":{"rendered":"http:\/\/wnwp.pl\/index.php\/front-page\/"},"modified":"2025-11-07T19:33:23","modified_gmt":"2025-11-07T18:33:23","slug":"wycena-nieruchomosci","status":"publish","type":"page","link":"https:\/\/wnwp.pl\/","title":{"rendered":"Wycena Nieruchomo\u015bci"},"content":{"rendered":"","protected":false},"excerpt":{"rendered":"","protected":false},"author":1,"featured_media":0,"parent":0,"menu_order":0,"comment_status":"closed","ping_status":"closed","template":"","meta":{"footnotes":""},"yoast_head":"<!-- This site is optimized with the Yoast SEO plugin v20.13 - https:\/\/yoast.com\/wordpress\/plugins\/seo\/ -->\n<title>Wycena nieruchomo\u015bci \u0141\u00f3d\u017a, Zgierz, Ozork\u00f3w Wojciech Pioru\u0144ski Rzeczoznawca Maj\u0105tkowy<\/title>\n<meta name=\"description\" content=\"Wycena Nieruchomo\u015bci, Operat Szacunkowy, Rzeczoznawca Maj\u0105tkowy, Opinia o Warto\u015bci Nieruchomo\u015bci, Szacunek Nieruchomo\u015bci \u0141\u00f3d\u017a, Zgierz, Ozork\u00f3w, Stryk\u00f3w\" \/>\n<meta name=\"robots\" content=\"index, follow, max-snippet:-1, max-image-preview:large, max-video-preview:-1\" \/>\n<link rel=\"canonical\" href=\"http:\/\/wnwp.pl\/\" \/>\n<meta property=\"og:locale\" content=\"pl_PL\" \/>\n<meta property=\"og:type\" content=\"article\" \/>\n<meta property=\"og:title\" content=\"Wycena nieruchomo\u015bci \u0141\u00f3d\u017a, Zgierz, Ozork\u00f3w Wojciech Pioru\u0144ski Rzeczoznawca Maj\u0105tkowy\" \/>\n<meta property=\"og:description\" content=\"Wycena Nieruchomo\u015bci, Operat Szacunkowy, Rzeczoznawca Maj\u0105tkowy, Opinia o Warto\u015bci Nieruchomo\u015bci, Szacunek Nieruchomo\u015bci \u0141\u00f3d\u017a, Zgierz, Ozork\u00f3w, Stryk\u00f3w\" \/>\n<meta property=\"og:url\" content=\"http:\/\/wnwp.pl\/\" \/>\n<meta property=\"og:site_name\" content=\"Wojciech Pioru\u0144ski Rzeczoznawca Maj\u0105tkowy\" \/>\n<meta property=\"article:publisher\" content=\"https:\/\/www.facebook.com\/Wycena-nieruchomo%c5%9bci-Wojciech-Pioru%c5%84ski-865666987098646\/?modal=admin_todo_tour\" \/>\n<meta property=\"article:modified_time\" content=\"2025-11-07T18:33:23+00:00\" \/>\n<meta name=\"twitter:card\" content=\"summary_large_image\" \/>\n<script type=\"application\/ld+json\" class=\"yoast-schema-graph\">{\"@context\":\"https:\/\/schema.org\",\"@graph\":[{\"@type\":\"WebPage\",\"@id\":\"http:\/\/wnwp.pl\/\",\"url\":\"http:\/\/wnwp.pl\/\",\"name\":\"Wycena nieruchomo\u015bci \u0141\u00f3d\u017a, Zgierz, Ozork\u00f3w Wojciech Pioru\u0144ski Rzeczoznawca Maj\u0105tkowy\",\"isPartOf\":{\"@id\":\"http:\/\/wnwp.pl\/#website\"},\"datePublished\":\"2018-11-12T00:54:53+00:00\",\"dateModified\":\"2025-11-07T18:33:23+00:00\",\"description\":\"Wycena Nieruchomo\u015bci, Operat Szacunkowy, Rzeczoznawca Maj\u0105tkowy, Opinia o Warto\u015bci Nieruchomo\u015bci, Szacunek Nieruchomo\u015bci \u0141\u00f3d\u017a, Zgierz, Ozork\u00f3w, Stryk\u00f3w\",\"breadcrumb\":{\"@id\":\"http:\/\/wnwp.pl\/#breadcrumb\"},\"inLanguage\":\"pl-PL\",\"potentialAction\":[{\"@type\":\"ReadAction\",\"target\":[\"http:\/\/wnwp.pl\/\"]}]},{\"@type\":\"BreadcrumbList\",\"@id\":\"http:\/\/wnwp.pl\/#breadcrumb\",\"itemListElement\":[{\"@type\":\"ListItem\",\"position\":1,\"name\":\"Strona g\u0142\u00f3wna\",\"item\":\"http:\/\/wnwp.pl\/\"},{\"@type\":\"ListItem\",\"position\":2,\"name\":\"Wycena Nieruchomo\u015bci\"}]},{\"@type\":\"WebSite\",\"@id\":\"http:\/\/wnwp.pl\/#website\",\"url\":\"http:\/\/wnwp.pl\/\",\"name\":\"Wycena Nieruchomo\u015bci Wojciech Pioru\u0144ski\",\"description\":\"Wycena Nieruchomo\u015bci Zgierz\",\"publisher\":{\"@id\":\"http:\/\/wnwp.pl\/#organization\"},\"potentialAction\":[{\"@type\":\"SearchAction\",\"target\":{\"@type\":\"EntryPoint\",\"urlTemplate\":\"http:\/\/wnwp.pl\/?s={search_term_string}\"},\"query-input\":\"required name=search_term_string\"}],\"inLanguage\":\"pl-PL\"},{\"@type\":\"Organization\",\"@id\":\"http:\/\/wnwp.pl\/#organization\",\"name\":\"Wycena Nieruchomo\u015bci Wojciech Pioru\u0144ski\",\"url\":\"http:\/\/wnwp.pl\/\",\"logo\":{\"@type\":\"ImageObject\",\"inLanguage\":\"pl-PL\",\"@id\":\"http:\/\/wnwp.pl\/#\/schema\/logo\/image\/\",\"url\":\"http:\/\/wnwp.pl\/wp-content\/uploads\/2019\/03\/LOGO-Piorunski-transparent-RGB.png\",\"contentUrl\":\"http:\/\/wnwp.pl\/wp-content\/uploads\/2019\/03\/LOGO-Piorunski-transparent-RGB.png\",\"width\":1143,\"height\":1300,\"caption\":\"Wycena Nieruchomo\u015bci Wojciech Pioru\u0144ski\"},\"image\":{\"@id\":\"http:\/\/wnwp.pl\/#\/schema\/logo\/image\/\"},\"sameAs\":[\"https:\/\/www.facebook.com\/Wycena-nieruchomo\u015bci-Wojciech-Pioru\u0144ski-865666987098646\/?modal=admin_todo_tour\",\"https:\/\/www.linkedin.com\/in\/wojciech-pioru\u0144ski-2608a7182\/\"]}]}<\/script>\n<!-- \/ Yoast SEO plugin. -->","yoast_head_json":{"title":"Wycena nieruchomo\u015bci \u0141\u00f3d\u017a, Zgierz, Ozork\u00f3w Wojciech Pioru\u0144ski Rzeczoznawca Maj\u0105tkowy","description":"Wycena Nieruchomo\u015bci, Operat Szacunkowy, Rzeczoznawca Maj\u0105tkowy, Opinia o Warto\u015bci Nieruchomo\u015bci, Szacunek Nieruchomo\u015bci \u0141\u00f3d\u017a, Zgierz, Ozork\u00f3w, Stryk\u00f3w","robots":{"index":"index","follow":"follow","max-snippet":"max-snippet:-1","max-image-preview":"max-image-preview:large","max-video-preview":"max-video-preview:-1"},"canonical":"http:\/\/wnwp.pl\/","og_locale":"pl_PL","og_type":"article","og_title":"Wycena nieruchomo\u015bci \u0141\u00f3d\u017a, Zgierz, Ozork\u00f3w Wojciech Pioru\u0144ski Rzeczoznawca Maj\u0105tkowy","og_description":"Wycena Nieruchomo\u015bci, Operat Szacunkowy, Rzeczoznawca Maj\u0105tkowy, Opinia o Warto\u015bci Nieruchomo\u015bci, Szacunek Nieruchomo\u015bci \u0141\u00f3d\u017a, Zgierz, Ozork\u00f3w, Stryk\u00f3w","og_url":"http:\/\/wnwp.pl\/","og_site_name":"Wojciech Pioru\u0144ski Rzeczoznawca Maj\u0105tkowy","article_publisher":"https:\/\/www.facebook.com\/Wycena-nieruchomo%c5%9bci-Wojciech-Pioru%c5%84ski-865666987098646\/?modal=admin_todo_tour","article_modified_time":"2025-11-07T18:33:23+00:00","twitter_card":"summary_large_image","schema":{"@context":"https:\/\/schema.org","@graph":[{"@type":"WebPage","@id":"http:\/\/wnwp.pl\/","url":"http:\/\/wnwp.pl\/","name":"Wycena nieruchomo\u015bci \u0141\u00f3d\u017a, Zgierz, Ozork\u00f3w Wojciech Pioru\u0144ski Rzeczoznawca Maj\u0105tkowy","isPartOf":{"@id":"http:\/\/wnwp.pl\/#website"},"datePublished":"2018-11-12T00:54:53+00:00","dateModified":"2025-11-07T18:33:23+00:00","description":"Wycena Nieruchomo\u015bci, Operat Szacunkowy, Rzeczoznawca Maj\u0105tkowy, Opinia o Warto\u015bci Nieruchomo\u015bci, Szacunek Nieruchomo\u015bci \u0141\u00f3d\u017a, Zgierz, Ozork\u00f3w, Stryk\u00f3w","breadcrumb":{"@id":"http:\/\/wnwp.pl\/#breadcrumb"},"inLanguage":"pl-PL","potentialAction":[{"@type":"ReadAction","target":["http:\/\/wnwp.pl\/"]}]},{"@type":"BreadcrumbList","@id":"http:\/\/wnwp.pl\/#breadcrumb","itemListElement":[{"@type":"ListItem","position":1,"name":"Strona g\u0142\u00f3wna","item":"http:\/\/wnwp.pl\/"},{"@type":"ListItem","position":2,"name":"Wycena Nieruchomo\u015bci"}]},{"@type":"WebSite","@id":"http:\/\/wnwp.pl\/#website","url":"http:\/\/wnwp.pl\/","name":"Wycena Nieruchomo\u015bci Wojciech Pioru\u0144ski","description":"Wycena Nieruchomo\u015bci Zgierz","publisher":{"@id":"http:\/\/wnwp.pl\/#organization"},"potentialAction":[{"@type":"SearchAction","target":{"@type":"EntryPoint","urlTemplate":"http:\/\/wnwp.pl\/?s={search_term_string}"},"query-input":"required name=search_term_string"}],"inLanguage":"pl-PL"},{"@type":"Organization","@id":"http:\/\/wnwp.pl\/#organization","name":"Wycena Nieruchomo\u015bci Wojciech Pioru\u0144ski","url":"http:\/\/wnwp.pl\/","logo":{"@type":"ImageObject","inLanguage":"pl-PL","@id":"http:\/\/wnwp.pl\/#\/schema\/logo\/image\/","url":"http:\/\/wnwp.pl\/wp-content\/uploads\/2019\/03\/LOGO-Piorunski-transparent-RGB.png","contentUrl":"http:\/\/wnwp.pl\/wp-content\/uploads\/2019\/03\/LOGO-Piorunski-transparent-RGB.png","width":1143,"height":1300,"caption":"Wycena Nieruchomo\u015bci Wojciech Pioru\u0144ski"},"image":{"@id":"http:\/\/wnwp.pl\/#\/schema\/logo\/image\/"},"sameAs":["https:\/\/www.facebook.com\/Wycena-nieruchomo\u015bci-Wojciech-Pioru\u0144ski-865666987098646\/?modal=admin_todo_tour","https:\/\/www.linkedin.com\/in\/wojciech-pioru\u0144ski-2608a7182\/"]}]}},"_links":{"self":[{"href":"https:\/\/wnwp.pl\/index.php\/wp-json\/wp\/v2\/pages\/7"}],"collection":[{"href":"https:\/\/wnwp.pl\/index.php\/wp-json\/wp\/v2\/pages"}],"about":[{"href":"https:\/\/wnwp.pl\/index.php\/wp-json\/wp\/v2\/types\/page"}],"author":[{"embeddable":true,"href":"https:\/\/wnwp.pl\/index.php\/wp-json\/wp\/v2\/users\/1"}],"replies":[{"embeddable":true,"href":"https:\/\/wnwp.pl\/index.php\/wp-json\/wp\/v2\/comments?post=7"}],"version-history":[{"count":6,"href":"https:\/\/wnwp.pl\/index.php\/wp-json\/wp\/v2\/pages\/7\/revisions"}],"predecessor-version":[{"id":331,"href":"https:\/\/wnwp.pl\/index.php\/wp-json\/wp\/v2\/pages\/7\/revisions\/331"}],"wp:attachment":[{"href":"https:\/\/wnwp.pl\/index.php\/wp-json\/wp\/v2\/media?parent=7"}],"curies":[{"name":"wp","href":"https:\/\/api.w.org\/{rel}","templated":true}]}}